alculate the greatest common divisor of a and m.
11
Let n = 19 - 9. Suppose 0 = -4*q + 3*b - 8*b + 24, -4*b = 0. Suppose -q*o = -8*o + 100. What is the greatest common divisor of o and n?
10
Let d(v) = 2*v**2 + 9*v + 15. Let o be d(7). Calculate the highest common divisor of 11 and o.
11
Suppose 5*j = 3*p - 29, -4*j = 3*p - 4*p - 2. Let n = 2 + 3. Suppose n*b = b + 576. Calculate the greatest common divisor of p and b.
18
Let p be 45/(-10)*2/(-3). Let i = 98 - 65. Calculate the greatest common divisor of i and p.
3
Suppose -16 - 4 = -4*v. Suppose 3*j - v*q = j + 1036, -j - q = -511. What is the greatest common divisor of 57 and j?
57
Suppose g + 10 = 3*o - 0*o, 3*o + 4*g - 5 = 0. Suppose 257 = 4*n - o*u, -n + 5*u = -4*n + 229. What is the greatest common factor of n and 102?
34
Suppose 703 = 8*n - 1497. What is the greatest common factor of 110 and n?
55
Suppose -20*i = -13*i. Let v be (i + 3)*1*10/15. What is the greatest common divisor of v and 3?
1
Let i(b) = -3*b**3 - 24*b**2 - 21*b - 24. Let f be i(-8). Calculate the highest common factor of f and 18.
18
Let g = 185 + -361. Let x = -110 - g. Calculate the greatest common divisor of 22 and x.
22
Suppose -4 = l - 3*l - 2*v, 2*v = 6. Let n = 9 - l. Suppose 4*r + 0*r - 16 = 0, -5*c - 2*r + 358 = 0. Calculate the highest common factor of n and c.
10
Suppose 168 = 2*p + 4*o, 1 - 11 = 5*o. Calculate the highest common divisor of 32 and p.
8
Let n be 4/30 + 10 + 16780/150. What is the highest common factor of 3294 and n?
122
Suppose -3*v + 2 = -3*h - 232, 2*v + 5*h = 128. Let p(f) = f**3 - 5*f**2 + f + 6. Let l be p(7). What is the greatest common factor of l and v?
37
Let s be 74 + -14 + (-260)/(-13). Suppose 2*j + 0*z + z - 17 = 0, 0 = -5*j - 2*z + 44. What is the highest common factor of j and s?
10
Suppose 4*r + 5*c = 25 - 5, -4*r + 24 = 4*c. Let z be 4/(-5) + (-26852)/35. Let t be z/(-11) - 8/(-44). What is the greatest common divisor of t and r?
10
Let s = 357 - 229. Calculate the highest common factor of s and 8.
8
Let l be -3*15/18 + (-3190)/(-4). What is the highest common factor of 15 and l?
15
Suppose -58 - 326 = -4*d. Calculate the highest common divisor of d and 12.
12
Let g(k) = 15*k + 25. Suppose -i = -4*q + 5, -4*q + 3*q - 25 = -4*i. Let l be g(i). Calculate the greatest common factor of 10 and l.
10
Let t(w) = 161*w + 62 + 52 - 115. Let r be 6/8 - 3/(-12). Let x be t(r). Calculate the highest common divisor of x and 20.
20
Let z(f) = 3*f - 8. Let t(u) = 3*u - 7. Let b(c) = -5*t(c) + 6*z(c). Let g be b(5). Calculate the highest common divisor of g and 4.
2
Let z(k) = 7*k**2 - 3*k - 3. Let w(o) = 2*o - 22. Let r be w(12). Let v be z(r). Calculate the highest common factor of v and 209.
19
Let o = -357 + 366. Let n(q) = -q**2 - 12*q - 8. Let t be n(-10). Calculate the greatest common factor of t and o.
3
Let z(p) = p**3 - 5*p**2 - 6*p + 5. Let b be z(6). Let j be -9 + 324/28 + (-8)/14. Calculate the greatest common factor of j and b.
1
Suppose 3*h + 38 = 2*g + 3*g, -2*h = -8. Let b be (-60)/20 - 1266/(-2). Suppose -z = r - 87, -5*r - z - 183 = -b. What is the highest common divisor of g and r?
10
Let i = 14 - 2. Let h be i/16 - (-51)/12. What is the greatest common divisor of 20 and h?
5
Suppose -j - j - 2*n = -8, -12 = -5*j + 3*n. Suppose p - j + 14 = 0. Let u be (-2)/p + (-456)/(-33). What is the highest common divisor of u and 154?
14
Suppose -7*n + 5*n + 448 = 0. Let z be ((-30)/(-35))/(4/n). Calculate the highest common factor of z and 6.
6
Let c(l) = l**2 - 46*l + 826. Let s be c(14). What is the highest common factor of s and 14?
14
Let t be ((-165)/4)/(351/(-936)). What is the greatest common factor of t and 1375?
55
Let a(r) = 26*r**2 - 14*r - 20. Let b be a(-3). What is the highest common factor of 16 and b?
16
Let c(q) = -q**3 + 3*q**2 + 4. Suppose 2*p + t = 6, 0 = -2*p + p + t + 3. Let z be c(p). Suppose 3*j = -z*j + 84. What is the highest common factor of 6 and j?
6
Let d = 52 - 11. Let b = d - 35. Calculate the highest common divisor of b and 48.
6
Suppose -1039 = 158*q - 5621. Calculate the greatest common divisor of 4350 and q.
29
Let m = 349 + -317. Calculate the highest common factor of m and 48.
16
Let g = -2675 - -2711. What is the highest common divisor of g and 18?
18
Let b = 10 - 6. Let x be ((-4)/5)/((-4)/10). Calculate the highest common factor of x and b.
2
Suppose -4*a - 16 = 0, 0*z = -2*z + a + 22. What is the highest common factor of 15 and z?
3
Let v(i) = 3*i**2 - 22*i + 140. Let t be v(20). Calculate the highest common divisor of t and 200.
100
Suppose 3*t - 5 = 4. Suppose 5*k = 0, -14 - 37 = -t*x + k. What is the highest common divisor of x and 17?
17
Let b = 323 + -133. Suppose -2*g + 246 = h, -3*g + b = -5*h - 205. Let d(j) = 5*j**2 - 2*j - 1. Let w be d(-3). Calculate the highest common divisor of g and w.
25
Suppose 10*l = 51 + 9. What is the highest common factor of 6 and l?
6
Suppose -4*c = 4*v - 340, 0 = -5*c + 3*v + 277 + 116. Calculate the greatest common divisor of c and 6.
3
Let n = 706 + -690. Suppose f - w = -2 - 9, 10 = -5*w. Let v = n - f. What is the highest common divisor of 116 and v?
29
Let l be (-15 - -19)/((-4)/(-14)). Let t(w) = w**3 - 14*w**2 + 4*w - 40. Let v be t(l). Calculate the highest common factor of 176 and v.
16
Let a be 12/3 + -6 + 4. Suppose 4 = a*b - 8. Suppose -b + 5 = -z. What is the greatest common factor of z and 9?
1
Let h = 1125 + -1055. What is the highest common divisor of 80 and h?
10
Let n(y) = y**3 + 10*y**2 - 11*y. Let r be (32/(-8))/((-4)/(-10) - 0). Let p be n(r). What is the highest common divisor of 10 and p?
10
Suppose -5*q = 2*j - q - 16, 0 = j + q - 6. Suppose -j*x + 3*g + 12 = -g, -4*g + 20 = 4*x. Calculate the highest common factor of 14 and x.
2
Let v be (72/(-5))/(-3)*(-2 + 7). Calculate the highest common divisor of v and 588.
12
Let y be -292*((-15)/(-12))/(-5). What is the greatest common factor of 511 and y?
73
Let v(z) = -z**3 - 27*z**2 + 30*z + 69. Let k be v(-28). Let g be (-69)/(-3) + 0/(-2). Let h = g - k. Calculate the highest common factor of h and 110.
10
Let r(x) = -7*x - 9. Let j(o) = o**3 + 6*o**2 + 3*o + 2. Let g be j(-4). Let v = 16 - g. Let q be r(v). What is the highest common divisor of q and 297?
33
Let u = 114 + -94. Let y be (-8)/u + ((-168)/(-20) - -2). Calculate the greatest common divisor of 40 and y.
10
Let u = -20 + 15. Let q(x) = 50*x + 8. Let j be q(u). Let d = 354 + j. Calculate the greatest common divisor of 16 and d.
16
Suppose -114 = -2*j - 4*v, v + 0 = 2*j - 99. Suppose -l = -164 - j. Let f = 323 - l. Calculate the highest common divisor of f and 27.
27
Let y = -8104 - -8219. Suppose -2*d + 5 = -d. Calculate the greatest common divisor of d and y.
5
Suppose -4*f + 3*i = -8, -f - i - 5 + 14 = 0. Let q be -18*(3 - -2)*-1. Suppose 11*b - q = 9*b. Calculate the greatest common factor of f and b.
5
Let b = 17 + -29. Let c be 3/(b/224*-2). What is the highest common factor of c and 70?
14
Let o be 18/(-81) + 1794/54. Calculate the highest common factor of 66 and o.
33
Let h be (28/1)/((-2)/(-4)). Suppose 6*s - 12 = 2*s. Suppose 9*l - s*l = 84. Calculate the highest common factor of h and l.
14
Suppose 0 = 64*l - 67*l + 252. Suppose 0*f = 5*f - 60. Calculate the greatest common factor of l and f.
12
Let c = 0 - -2. Let j(q) = -q**2 - 7*q + 5. Let y(g) = -10*g + 7. Let v(p) = -6*j(p) + 4*y(p). Let m be v(c). What is the greatest common factor of 52 and m?
26
Suppose 4*a + 36 = 3*h + 5*a, -5*h - 5*a + 60 = 0. Suppose -4*k = -3*i + 236, -2*i - 2*i = -k - 332. What is the greatest common factor of h and i?
12
Suppose -3 = y - 7. Suppose -3*o + 2*o = y. Let p be (-1)/2 - 10/o. Calculate the greatest common factor of p and 6.
2
Let s(o) = 9 + 0 + 2 + o. Let w be s(-7). Let u be (w/(-6))/(2/(-27)). Calculate the highest common divisor of u and 9.
9
Let l = 25 - 21. Suppose 5*f + p + 24 = 0, f - 4*p - 28 = l*f. Let d be (-1 - f) + 0 - -37. What is the highest common factor of d and 8?
8
Let x = 286 - 106. Let s be (-80)/28*(-7)/1. What is the highest common factor of s and x?
20
Let c be 1/(-6) + 333/54. Suppose -3*y + 13 - 4 = 0. Suppose -72 = -y*v - v. Calculate the greatest common factor of v and c.
6
Suppose -8 = -3*v - 5*b - 4, -20 = -3*v - b. Let p be 886/v + 1 -